-3. Let x(k) = -3*k - 3. Determine x(r).
3
Let o = -13 + 7. Let m(h) = -h - 4. Let j be m(o). Let k(p) = -2*p - 5*p + 4*p + 4*p + j. Calculate k(2).
4
Let n(f) = -f**2 - f. Let r be n(2). Let x(p) = -p**3 + 102*p - 10*p**2 - 101*p + 3 + 4*p**2. Give x(r).
-3
Let f(y) be the first derivative of 5*y**4/4 + y**3/3 + y**2 + y + 2. Suppose 0 = 3*x - 2*x - 2, -2*x + 2 = 2*l. Determine f(l).
-5
Let w be 1*-2*21/(-126). Let p(n) be the first derivative of n + 0*n**2 - w*n**3 + 3. Determine p(-1).
0
Let r(a) be the first derivative of -a**4/6 + a**3/3 - a**2 + 1. Let c(i) be the second derivative of r(i). Let o be (-10)/(-4)*(-8)/(-10). What is c(o)?
-6
Let y(i) = 4*i - 3. Let m be (-1)/(-2*2/4). Suppose 2*c - 6 = b, 0*b - 16 = 4*b. Let w = c + m. Determine y(w).
5
Let v(z) = 5*z + 14. Let u(h) = -4*h - 13. Let k(i) = -7*u(i) - 6*v(i). Calculate k(5).
-3
Let v(b) = -b**3 - 2*b**2 - 1. Suppose -4*u - 1 = -5. Let s be ((-3)/(-1) - u)*-1. Calculate v(s).
-1
Let h(q) = -q**2 - 4*q + 6. Suppose 3*t = 20 - 35. Determine h(t).
1
Let v = -9 - -5. Let a be ((-2)/4)/((-2)/v). Let m(u) = -3*u**2 + 2*u + 1. What is m(a)?
-4
Let c(f) = -f**2 + 8*f - 5. Let d(p) be the third derivative of -p**5/30 + 17*p**4/24 - 11*p**3/6 - 4*p**2. Let r(v) = 9*c(v) - 4*d(v). Give r(3).
2
Suppose -4*d - 1 = -3*d. Let r be (1 - (-3)/(-3))*d. Let u be (-1 - r) + 24/(-6). Let o(g) = -g - 9. Determine o(u).
-4
Let i(f) = -f**2 + f - 1. Let k be 2*11*2/4. Suppose -4*q + k = 3. Determine i(q).
-3
Let n(p) = p**3 - 6*p**2 + 2*p + 7. Let l = 0 - -5. What is n(l)?
-8
Let j(m) = m**3 + 4*m**2 - 3*m - 2. Let f be j(-4). Suppose -4*o + 23 = -3*r, 3*o + 3*r - 1 = -f. Let w(k) = k**2 + 5*k + 2*k**o - 3 - 2*k**2. Calculate w(-5).
-3
Let j(u) = -u**3 + 4*u**2 + 5*u + 4. Let n = 20 + -15. Determine j(n).
4
Let p(n) = 2 - 2*n**3 - n**2 + 25*n + 1 + 15*n**3 + 0*n. Let b(q) = -7*q**3 - 13*q - 2. Let g(v) = 11*b(v) + 6*p(v). Calculate g(5).
6
Let n be ((-3 + 3)/(-5))/2. Let m(x) = x**3 + x**2 - x + 1. What is m(n)?
1
Let z be (-12)/24*(-1 + 1). Let x(m) be the third derivative of m**6/120 + 11*m**3/6 + m**2. Give x(z).
11
Let n(b) be the third derivative of -2*b**2 + 0*b**3 - 1/24*b**4 + 0*b + 0 + 2/15*b**5. Suppose 6*o - 4*o - 2 = 0. Give n(o).
7
Let z(j) = -7*j - 2. Let a(u) = u. Let o(y) = 6*a(y) + z(y). Calculate o(-7).
5
Let v = 34 - 4. Suppose -v = -3*k - 2*k. Let g(f) = -f**3 + 5*f**2 + 7*f - 7. What is g(k)?
-1
Let j(p) = -p + 4. Let x(d) = 0*d + 126 - 119 + d. Let k be x(-3). Calculate j(k).
0
Let n(z) be the second derivative of 1/12*z**4 - 3*z + z**2 - 2/3*z**3 + 0. Give n(3).
-1
Let y(g) = g**2 - 57*g**3 + g + 59*g**3 - g**3 + 1. Suppose -4 + 1 = -k. Suppose -k*d + 0 = 3. Give y(d).
0
Let n(h) = 4*h**2 - h + 3. Let j(r) = -3*r**2 + 2*r - 3. Let b be 4/(-18) + 32/(-18). Let s(x) = b*n(x) - 3*j(x). Let m = -308 - -311. Determine s(m).
0
Let d(n) = -2*n**3 - 15*n**2 - 13*n + 1. Let o(b) = b**3 + 7*b**2 + 6*b - 1. Let r(k) = 2*d(k) + 5*o(k). Determine r(-4).
-3
Let l(m) = 3*m**2 + 2*m + 1. Suppose -3*h = -d - 8 + 77, 4*d + 69 = -3*h. Let u = -13 - h. Suppose 27 = -3*s + s + 5*o, -u = -5*s - 3*o. What is l(s)?
2
Let x(d) be the first derivative of -13*d**7/840 - d**5/120 - d**4/24 + 2*d**3/3 - 8. Let t(q) be the third derivative of x(q). Give t(-1).
13
Let j(u) = 2*u**2 + 3*u - 4. Let y = -9 + 6. What is j(y)?
5
Let l(u) = u**3 + u**2 - 4*u + 1. Let h = -13 + 10. Calculate l(h).
-5
Let c(f) be the third derivative of -f**8/6720 - f**7/2520 + f**6/720 - f**5/30 - f**4/6 - 6*f**2. Let k(a) be the second derivative of c(a). Calculate k(0).
-4
Let o be 3 + (-3 - -1) + 2. Suppose -5*n - 3*w - 15 = 0, o*w - 25 = 3*n + 8. Let q(z) = -z**2 - 6*z + 6. Give q(n).
6
Let s(z) be the first derivative of -z + 3/2*z**2 + z**3 + 3 - 1/4*z**4. Determine s(4).
-5
Let a(z) = -3*z + 4*z - 3 + 23. Let d be a(-14). Let p(t) = -t**2 + 6*t - 3. Give p(d).
-3
Let m(u) = u**3 - 3*u**2 + 2. Let g(w) = w - w**2 + 5*w**2 - 3*w**2 - 6*w + 2. Let p be g(6). Suppose -3*v = -7*v + p. What is m(v)?
-2
Let w(b) = 25*b**2 - 10*b**2 + 7*b - 14*b**2 + 7. Calculate w(-7).
7
Let a(s) be the third derivative of s**4/24 + s**3/2 - 81*s**2. Suppose 3*w - 5*w - 12 = -3*f, 3*f - 3 = -w. Determine a(w).
0
Suppose -p = -5*i - 2, 4 = -i - 4*i + 2*p. Suppose 2*b + 10 = -i*b. Let n(x) = x**3 + 4*x**2 - 7*x - 4. Give n(b).
6
Suppose -h - h - 10 = 0. Let p(d) = d**2. Let r(c) = 4*c**2 + 6*c - 3. Let l(s) = h*p(s) + r(s). Calculate l(3).
6
Suppose -2*r = -4*c + 18, -3*c = -r - 9 - 5. Let s(n) = 2*n**3 + n**2 - n + 1. What is s(r)?
3
Suppose -2*a + 6 = a. Let v = 10 + -7. Suppose a*b + 5*t = v*b, 21 = 4*b + t. Let x(w) = -w**3 + 6*w**2 - 4*w + 2. What is x(b)?
7
Let g(k) be the third derivative of -1/6*k**3 + 0*k + 0 + 1/60*k**5 + 1/12*k**4 - 2*k**2. Let d = 57 - 61. Determine g(d).
7
Let m(d) = -d - 3. Let v be m(-6). Let q(n) = 2*n**3 - 3*n**3 - 4 + 0*n + n**2 + 5*n. Calculate q(v).
-7
Let h(d) = d. Let g be h(0). Let k be (0/(g - 1))/1. Let n(q) = 2 + k*q + 2*q - 3*q. Determine n(-4).
6
Let s(i) = 0 - 5 + 2*i**2 + 3 - i**3 + 5*i. Let o(l) = -l. Let q(h) = -4*o(h) - s(h). Suppose -2*g = 2*g - 12. What is q(g)?
8
Let d(z) = -3*z**3 - 17*z**2 + 5*z + 3. Let i(y) be the first derivative of y**4 + 25*y**3/3 - 7*y**2/2 - 5*y - 2. Let m(l) = 7*d(l) + 5*i(l). Give m(6).
-4
Let c(r) = -2*r**3 - 4*r**3 + 3*r + r**3 - 3*r**2 - 1 + 6*r**3. What is c(3)?
8
Let i be 2/19 - (-1023)/209. Let r(p) = 14*p - 6. Suppose -3*j - 27 = 2*j + x, 9 = -4*j - 5*x. Let u(w) = 14*w - 5. Let t(q) = i*r(q) + j*u(q). Determine t(1).
-14
Let s(y) be the third derivative of y**6/120 + y**5/30 + y**4/12 + y**3/6 + 82*y**2. Let h(k) = k - 6. Let g be h(5). What is s(g)?
0
Suppose q = -q - 3*o - 27, -4*q = -4*o + 4. Let y(z) = -z - 11. What is y(q)?
-5
Let f be ((-2)/7)/((-7)/49). Let h(s) = -3*s**3 - 7*s**2 + 3*s - 1. Let k(l) = -7*l**3 - 15*l**2 + 5*l - 3. Let x(v) = f*k(v) - 5*h(v). Calculate x(-6).
-7
Let n(w) = -w**3 - w**2 - w. Let t = 110 + -108. Give n(t).
-14
Let t(q) = 6*q**2 + 4*q**3 + 7*q + 4 + 6 - 5*q**3. Calculate t(7).
10
Let y(m) = m**3 + 7*m**2 + 5*m. Let p be y(-6). Let g = p - 8. Let n(t) be the second derivative of -t**5/20 - t**4/4 - t**3/6 + t**2/2 - t. Give n(g).
-1
Let a(k) = 3*k - 8. Suppose 3*m + 3*d = 39, 5*d + 3 = 2*m + 5. Let q(n) = -13*n + 33. Let u(p) = m*a(p) + 2*q(p). What is u(5)?
-1
Suppose -a + 3 = c - 2, 17 = 5*c + a. Let k(n) = 2*n - 2*n**c + 7*n**2 + 3*n**3 - 2*n**2 + 5. Suppose 39 = -5*g + 14. What is k(g)?
-5
Let w(x) = 6 - 2*x + 5*x - 5. Let u = -2 + 1. Determine w(u).
-2
Let j = 26 + -7. Let n = j - 23. Let l(h) = h**2 - h - 5. Determine l(n).
15
Let r(i) = -5 + 4 + 3 - 4 - i. Give r(6).
-8
Suppose -2 + 4 = -u. Let p be (-15)/21 + u/7. Let n(r) = -r**2 + r + 1. Calculate n(p).
-1
Let u(y) = 3*y + y - 5*y. What is u(0)?
0
Let w(g) = -g**2 + 2*g - 2. Let d(j) = -j - 1. Suppose 12 = 2*z + 2*x, 0 = 3*z - x + 3*x - 16. Suppose -8 = 3*y + z. Let q be d(y). What is w(q)?
-5
Let a be 6/8 + 210/40. Let q(s) = -s**3 + 6*s**2 + s. What is q(a)?
6
Let v(n) be the second derivative of n**5/20 - 3*n**2 - 34*n. Let l(k) be the third derivative of -k**4/24 + k**3/3 + k**2. Let s be l(2). What is v(s)?
-6
Let d(h) be the third derivative of h**9/60480 + h**8/10080 - h**7/1260 + h**5/60 + h**2. Let b(t) be the third derivative of d(t). Determine b(-3).
3
Suppose 4*y + 5*y = -27. Let l(i) = -6*i. Determine l(y).
18
Suppose r + 11 = 2*v, 3*v + 0*r + 4*r - 33 = 0. Let u(k) be the first derivative of k**3/3 - 3*k**2 - 7*k + 8. Determine u(v).
0
Let a(y) = -y**2 + 7*y + 3. Let t(r) = -3*r**2 + 15*r + 6. Suppose -2*s = -0*k - 4*k + 20, -3*k = 3*s - 15. Let q(b) = k*a(b) - 2*t(b). Calculate q(-5).
3
Let c = 1 + 3. Suppose 4*h + 2*k = -h + 9, -5*k = 15. Let l be h*(-3)/9*c. Let y(n) = n + 6. Give y(l).
2
Let x(n) be the third derivative of n**5/60 - n**4/4 - 2*n**3/3 + 18*n**2. Calculate x(7).
3
Suppose -5*f - 3 = -13. Suppose -f*y = 10 - 0. Let o(u) = -8*u**2 - 7*u - 6. Let t(a) = -7*a**2 - 7*a - 6. Let h(l) = 6*o(l) - 7*t(l). Give h(y).
-4
Let p be (-1)/(4/(27 + -3)). Let z(r) be the second derivative of -r**3/6 - 13*r**2/2 + r. Determine z(p).
-7
Let c(h) = -6*h**3. Let d = 1 - -2. Suppose -3 = q + 2*j, d*q + 6 - 17 = 4*j. Calculate c(q).
-6
Let d = -22 + 16.